{"id":660,"date":"2021-08-23T12:30:58","date_gmt":"2021-08-23T10:30:58","guid":{"rendered":"http:\/\/www.ikzm-d.de\/fliessgewaesser\/?page_id=660"},"modified":"2022-01-27T18:55:54","modified_gmt":"2022-01-27T17:55:54","slug":"muell-in-fliessgewaessern-und-meeren","status":"publish","type":"page","link":"https:\/\/www.ikzm-d.de\/fliessgewaesser-und-muell\/muell-in-fliessgewaessern-und-meeren\/","title":{"rendered":"M\u00fcll in Flie\u00dfgew\u00e4ssern"},"content":{"rendered":"\n<p>Neben zu hohen N\u00e4hrstoffeintr\u00e4gen werden weitere Stoffe durch Menschenhand in Flie\u00dfgew\u00e4sser eingetragen. In den 1950er Jahren wurden noch knapp 1,5 Millionen Tonnen Kunststoffe pro Jahr produziert &#8211; heute sind es fast 400 Millionen Tonnen! Davon landet ein nicht unbetr\u00e4chtlicher Teil in den Meeren. Rund 75&nbsp;% des weltweit eingetragenen M\u00fclls (etwa 4,8-12,7 Mio. Tonnen pro Jahr) besteht aus Kunststoff.<\/p>\n\n\n\n<figure class=\"wp-block-image size-large is-style-default\"><img loading=\"lazy\" decoding=\"async\" width=\"1773\" height=\"1182\" src=\"http:\/\/www.ikzm-d.de\/fliessgewaesser\/wp-content\/uploads\/sites\/47\/2022\/01\/Claudia-Weder.jpg\" alt=\"\" class=\"wp-image-877\"\/><figcaption>M\u00fcll am Strand | Claudia Weder, EUCC-D<\/figcaption><\/figure>\n","protected":false},"excerpt":{"rendered":"<p>Neben zu hohen N\u00e4hrstoffeintr\u00e4gen werden weitere Stoffe durch Menschenhand in Flie\u00dfgew\u00e4sser eingetragen. In den 1950er Jahren wurden noch knapp 1,5 Millionen Tonnen Kunststoffe pro Jahr produziert &#8211; heute sind es fast 400 Millionen Tonnen! Davon landet ein nicht unbetr\u00e4chtlicher Teil in den Meeren. Rund 75&nbsp;% des weltweit eingetragenen M\u00fclls (etwa 4,8-12,7 Mio. Tonnen pro Jahr) [&hellip;]<\/p>\n","protected":false},"author":3,"featured_media":0,"parent":0,"menu_order":7,"comment_status":"closed","ping_status":"closed","template":"","meta":{"footnotes":""},"class_list":["post-660","page","type-page","status-publish","hentry"],"_links":{"self":[{"href":"https:\/\/www.ikzm-d.de\/fliessgewaesser-und-muell\/wp-json\/wp\/v2\/pages\/660","targetHints":{"allow":["GET"]}}],"collection":[{"href":"https:\/\/www.ikzm-d.de\/fliessgewaesser-und-muell\/wp-json\/wp\/v2\/pages"}],"about":[{"href":"https:\/\/www.ikzm-d.de\/fliessgewaesser-und-muell\/wp-json\/wp\/v2\/types\/page"}],"author":[{"embeddable":true,"href":"https:\/\/www.ikzm-d.de\/fliessgewaesser-und-muell\/wp-json\/wp\/v2\/users\/3"}],"replies":[{"embeddable":true,"href":"https:\/\/www.ikzm-d.de\/fliessgewaesser-und-muell\/wp-json\/wp\/v2\/comments?post=660"}],"version-history":[{"count":21,"href":"https:\/\/www.ikzm-d.de\/fliessgewaesser-und-muell\/wp-json\/wp\/v2\/pages\/660\/revisions"}],"predecessor-version":[{"id":935,"href":"https:\/\/www.ikzm-d.de\/fliessgewaesser-und-muell\/wp-json\/wp\/v2\/pages\/660\/revisions\/935"}],"wp:attachment":[{"href":"https:\/\/www.ikzm-d.de\/fliessgewaesser-und-muell\/wp-json\/wp\/v2\/media?parent=660"}],"curies":[{"name":"wp","href":"https:\/\/api.w.org\/{rel}","templated":true}]}}