{"id":695,"date":"2021-08-23T13:22:52","date_gmt":"2021-08-23T11:22:52","guid":{"rendered":"http:\/\/www.ikzm-d.de\/fliessgewaesser\/?page_id=695"},"modified":"2022-01-27T18:01:49","modified_gmt":"2022-01-27T17:01:49","slug":"gefahren-durch-muell-fuer-fauna-der-fliessgewaesser","status":"publish","type":"page","link":"https:\/\/www.ikzm-d.de\/fliessgewaesser-und-muell\/muell-in-fliessgewaessern-und-meeren\/gefahren-durch-muell-fuer-fauna-der-fliessgewaesser\/","title":{"rendered":"Gefahren durch M\u00fcll"},"content":{"rendered":"\n<p>Insbesondere der Eintrag von M\u00fcll aus Kunststoffen birgt eine erhebliche Gefahr f\u00fcr Tiere und Pflanzen der aquatischen Lebensr\u00e4ume. Kunststoffe sind im Wasser nahezu unverg\u00e4nglich. Physikalische wie biologische und chemische Prozesse setzten dem Material nur langsam zu. Es kommt zu einem Zerfall in immer kleinere Bruchst\u00fccke, schlussendlich bleibt der M\u00fcll aber als Mikrom\u00fcll erhalten. Bei diesem Zersetzungsprozess werden giftige Inhaltsstoffe frei, die in die Nahrungskreisl\u00e4ufe der aquatischen Lebewesen und somit auch in die des Menschen integriert werden.<\/p>\n\n\n\n<p>V\u00f6gel verwechseln die meist bunten Kleinteile mit Futterquellen. Die Folge ist ein Verhungern mit vollem Magen, t\u00f6dliche Verstopfungen oder Ersticken. F\u00fcr die Nordsee gibt es bereits eine Vogelart, die als M\u00fcll-Indikator dient: Der <a rel=\"noreferrer noopener\" href=\"https:\/\/www.beachexplorer.org\/arten\/fulmarus-glacialis\/steckbrief\" data-type=\"URL\" data-id=\"https:\/\/www.beachexplorer.org\/arten\/fulmarus-glacialis\/steckbrief\" target=\"_blank\">Eissturmvogel<\/a> ist ein Hochwasservogel und findet seine Nahrung ausschlie\u00dflich auf offener See. Anhand der Mageninhalte von verstorbenen Eissturmv\u00f6geln konnte festgestellt werden, wie stark die Fauna der Nordsee unter der M\u00fcllbelastung leidet. In einer Untersuchung, die zwischen 2003 und 2016 zu eben diesem Thema stattgefunden hat, wurde in ca. 60\u00a0% \u00a0der Eissturmvogelm\u00e4gen mehr als 0,1 Gramm Plastik gefunden. Es wird gesch\u00e4tzt, dass bis 2050 fast jeder Meeresvogel Kunststoff im Magen haben wird, wenn die Eintragsmenge weiterhin so hoch bleibt.<\/p>\n\n\n\n<p>Neben der vermeintlichen Nahrungsaufnahme integrieren V\u00f6gel in aquatischen \u00d6kosystemen eine Auswahl an M\u00fcllteilen in ihre Nester. Normalerweise verwenden die Tiere Algen oder andere Wasserpflanzen f\u00fcr den Nestbau, da aber an der Wasseroberfl\u00e4che viele leichte M\u00fcllteile schwimmen, landen immer wieder Polyethylenfasern (hohe best\u00e4ndige Plastikfasern) aus alten Fischernetzten, Angelschn\u00fcre oder Plastikt\u00fcten in den Nestern. St\u00f6rche bauen z.\u00a0B. Plastikfolien und Netze von Futterballen ein. All diese Materialien sind sehr gef\u00e4hrlich f\u00fcr das \u00dcberleben der Jungv\u00f6gel, denn Kunststoffe sind wasserundurchl\u00e4ssig &#8211; bei Regen staut sich das Wasser in den Vogelnestern und die K\u00fcken ertrinken. <\/p>\n\n\n\n<div class=\"wp-block-image is-style-default\"><figure class=\"aligncenter size-large\"><img loading=\"lazy\" decoding=\"async\" width=\"640\" height=\"480\" src=\"http:\/\/www.ikzm-d.de\/fliessgewaesser\/wp-content\/uploads\/sites\/47\/2022\/01\/HelgoToelpelClose_019.jpg\" alt=\"\" class=\"wp-image-892\"\/><figcaption>M\u00fcll in Vogelnest | Wolf Wichmann<\/figcaption><\/figure><\/div>\n\n\n\n<p>Des Weiteren sind lose Angelsehnen, K\u00f6der und Blinklichter in Flie\u00dfgew\u00e4ssern ein Problem, denn sie werden von Wasserv\u00f6geln, Fischen oder anderen am Wasser lebenden Tieren verschluckt und\/oder schn\u00fcren ihnen K\u00f6rperteile ab (z.\u00a0B. Beine und Flossen). <\/p>\n\n\n\n<p>Auch Mikroschadstoffe mindern die Gew\u00e4sserqualit\u00e4t und stellen f\u00fcr die aquatische Fauna und Flora eine Gefahr dar. Besonders empfindliche Tierarten in Flie\u00dfgew\u00e4ssern leiden z.&nbsp;B. unter dem Einfluss der Mikroschadstoffe. So wurde dokumentiert, dass Eintagsfliegen und Stein- oder K\u00f6cherfliegen durch Mikroschadstoffe g\u00e4nzlich aus einem betroffenen Flie\u00dfgew\u00e4sser verschwinden.<\/p>\n","protected":false},"excerpt":{"rendered":"<p>Insbesondere der Eintrag von M\u00fcll aus Kunststoffen birgt eine erhebliche Gefahr f\u00fcr Tiere und Pflanzen der aquatischen Lebensr\u00e4ume. Kunststoffe sind im Wasser nahezu unverg\u00e4nglich. Physikalische wie biologische und chemische Prozesse setzten dem Material nur langsam zu. Es kommt zu einem Zerfall in immer kleinere Bruchst\u00fccke, schlussendlich bleibt der M\u00fcll aber als Mikrom\u00fcll erhalten. Bei diesem [&hellip;]<\/p>\n","protected":false},"author":3,"featured_media":0,"parent":660,"menu_order":2,"comment_status":"closed","ping_status":"closed","template":"","meta":{"footnotes":""},"class_list":["post-695","page","type-page","status-publish","hentry"],"_links":{"self":[{"href":"https:\/\/www.ikzm-d.de\/fliessgewaesser-und-muell\/wp-json\/wp\/v2\/pages\/695","targetHints":{"allow":["GET"]}}],"collection":[{"href":"https:\/\/www.ikzm-d.de\/fliessgewaesser-und-muell\/wp-json\/wp\/v2\/pages"}],"about":[{"href":"https:\/\/www.ikzm-d.de\/fliessgewaesser-und-muell\/wp-json\/wp\/v2\/types\/page"}],"author":[{"embeddable":true,"href":"https:\/\/www.ikzm-d.de\/fliessgewaesser-und-muell\/wp-json\/wp\/v2\/users\/3"}],"replies":[{"embeddable":true,"href":"https:\/\/www.ikzm-d.de\/fliessgewaesser-und-muell\/wp-json\/wp\/v2\/comments?post=695"}],"version-history":[{"count":9,"href":"https:\/\/www.ikzm-d.de\/fliessgewaesser-und-muell\/wp-json\/wp\/v2\/pages\/695\/revisions"}],"predecessor-version":[{"id":895,"href":"https:\/\/www.ikzm-d.de\/fliessgewaesser-und-muell\/wp-json\/wp\/v2\/pages\/695\/revisions\/895"}],"up":[{"embeddable":true,"href":"https:\/\/www.ikzm-d.de\/fliessgewaesser-und-muell\/wp-json\/wp\/v2\/pages\/660"}],"wp:attachment":[{"href":"https:\/\/www.ikzm-d.de\/fliessgewaesser-und-muell\/wp-json\/wp\/v2\/media?parent=695"}],"curies":[{"name":"wp","href":"https:\/\/api.w.org\/{rel}","templated":true}]}}