{"id":698,"date":"2021-08-23T13:23:35","date_gmt":"2021-08-23T11:23:35","guid":{"rendered":"http:\/\/www.ikzm-d.de\/fliessgewaesser\/?page_id=698"},"modified":"2022-02-07T16:13:07","modified_gmt":"2022-02-07T15:13:07","slug":"schutzbemuehungen-fuer-saubere-fliessgewaesser","status":"publish","type":"page","link":"https:\/\/www.ikzm-d.de\/fliessgewaesser-und-muell\/muell-in-fliessgewaessern-und-meeren\/schutzbemuehungen-fuer-saubere-fliessgewaesser\/","title":{"rendered":"Schutzbem\u00fchungen"},"content":{"rendered":"\n<p>Um das \u00d6kosystem Flie\u00dfgew\u00e4sser vor der Beeintr\u00e4chtigung durch M\u00fcll und Schadstoffe zu sch\u00fctzen, werden auf verschiedenen Ebenen Ma\u00dfnahmen ergriffen.<\/p>\n\n\n\n<hr class=\"wp-block-separator\"\/>\n\n\n\n<p>Auf <strong>politischer Ebene&nbsp;<\/strong>geh\u00f6ren zu diesen Ma\u00dfnahmen beispielsweise die <a rel=\"noreferrer noopener\" href=\"https:\/\/www.umweltbundesamt.de\/wasserrahmenrichtlinie\" data-type=\"URL\" data-id=\"https:\/\/www.umweltbundesamt.de\/wasserrahmenrichtlinie\" target=\"_blank\">WRRL<\/a> und in diesem Zusammenhang Sanierungs- und Restaurationsma\u00dfnahmen zur Verbesserung des \u00f6kologischen Zustandes. Auch die neue EU-Gesetzgebung zum Verbot von bestimmten Einwegplastik-Gegenst\u00e4nden ab 2021 tr\u00e4gt nicht nur zum Meeresschutz bei, sondern mindert auch die M\u00fclleintr\u00e4ge in die Flie\u00dfgew\u00e4sser.<\/p>\n\n\n\n<p>Auf <strong>gesellschaftlicher Ebene&nbsp;<\/strong>finden M\u00fcllsammelaktionen oder ehrenamtliche Aufkl\u00e4rungskampagnen statt. Zero- und Less-Waste-Initiativen sch\u00e4rfen nicht nur das Bewusstsein sondern bieten alternative Handlungsweisen.<\/p>\n\n\n\n<hr class=\"wp-block-separator has-text-color has-background has-cyan-bluish-gray-background-color has-cyan-bluish-gray-color is-style-default\"\/>\n\n\n\n<div class=\"wp-block-buttons is-layout-flex wp-block-buttons-is-layout-flex\">\n<div class=\"wp-block-button is-style-outline is-style-outline--1\"><a class=\"wp-block-button__link has-white-color has-text-color has-background\" href=\"https:\/\/www.kuestenschule.de\/kuesten-infothek\/\" style=\"background-color:#1a6ab1\" target=\"_blank\" rel=\"noreferrer noopener\">Weiterf\u00fchrende Informationen zu politischen wie gesellschaftlichen Ma\u00dfnahmen und pers\u00f6nlichen Handlungsoptionen finden Sie in den \u00fcbrigen Informationsmodulen der \u201eAlles im Fluss?!\u201c-Reihe.<\/a><\/div>\n<\/div>\n<script type=\"text\/javascript\"> toolTips('.classtoolTips0','Die Wasserrahmenrichtlinie der Europ\u00e4ischen Gemeinschaft (WRRL) koordiniert die Bewirtschaftung der Gew\u00e4sser in Europa, vor allem \u00fcber Staats- und L\u00e4ndergrenzen hinaus. Dabei wird eine Harmonisierung des Gew\u00e4sserschutzes innerhalb der Gemeinschaft sowie die Verbesserung des Zustands der Gew\u00e4sser angestrebt. Die WRRL ist 2000 in Kraft getreten. (BMU 2011: Die Europ\u00e4ische Wasserrahmenrichtlinie und ihre Umsetzung in Deutschland).'); <\/script>","protected":false},"excerpt":{"rendered":"<p>Um das \u00d6kosystem Flie\u00dfgew\u00e4sser vor der Beeintr\u00e4chtigung durch M\u00fcll und Schadstoffe zu sch\u00fctzen, werden auf verschiedenen Ebenen Ma\u00dfnahmen ergriffen. Auf politischer Ebene&nbsp;geh\u00f6ren zu diesen Ma\u00dfnahmen beispielsweise die WRRL und in diesem Zusammenhang Sanierungs- und Restaurationsma\u00dfnahmen zur Verbesserung des \u00f6kologischen Zustandes. Auch die neue EU-Gesetzgebung zum Verbot von bestimmten Einwegplastik-Gegenst\u00e4nden ab 2021 tr\u00e4gt nicht nur zum [&hellip;]<\/p>\n","protected":false},"author":3,"featured_media":0,"parent":660,"menu_order":3,"comment_status":"closed","ping_status":"closed","template":"","meta":{"footnotes":""},"class_list":["post-698","page","type-page","status-publish","hentry"],"_links":{"self":[{"href":"https:\/\/www.ikzm-d.de\/fliessgewaesser-und-muell\/wp-json\/wp\/v2\/pages\/698","targetHints":{"allow":["GET"]}}],"collection":[{"href":"https:\/\/www.ikzm-d.de\/fliessgewaesser-und-muell\/wp-json\/wp\/v2\/pages"}],"about":[{"href":"https:\/\/www.ikzm-d.de\/fliessgewaesser-und-muell\/wp-json\/wp\/v2\/types\/page"}],"author":[{"embeddable":true,"href":"https:\/\/www.ikzm-d.de\/fliessgewaesser-und-muell\/wp-json\/wp\/v2\/users\/3"}],"replies":[{"embeddable":true,"href":"https:\/\/www.ikzm-d.de\/fliessgewaesser-und-muell\/wp-json\/wp\/v2\/comments?post=698"}],"version-history":[{"count":15,"href":"https:\/\/www.ikzm-d.de\/fliessgewaesser-und-muell\/wp-json\/wp\/v2\/pages\/698\/revisions"}],"predecessor-version":[{"id":999,"href":"https:\/\/www.ikzm-d.de\/fliessgewaesser-und-muell\/wp-json\/wp\/v2\/pages\/698\/revisions\/999"}],"up":[{"embeddable":true,"href":"https:\/\/www.ikzm-d.de\/fliessgewaesser-und-muell\/wp-json\/wp\/v2\/pages\/660"}],"wp:attachment":[{"href":"https:\/\/www.ikzm-d.de\/fliessgewaesser-und-muell\/wp-json\/wp\/v2\/media?parent=698"}],"curies":[{"name":"wp","href":"https:\/\/api.w.org\/{rel}","templated":true}]}}