{"id":977,"date":"2022-02-07T11:21:20","date_gmt":"2022-02-07T10:21:20","guid":{"rendered":"http:\/\/www.ikzm-d.de\/fliessgewaesser\/?page_id=977"},"modified":"2022-06-29T10:27:51","modified_gmt":"2022-06-29T08:27:51","slug":"fliessgewaesser-muell","status":"publish","type":"page","link":"https:\/\/www.ikzm-d.de\/fliessgewaesser-und-muell\/","title":{"rendered":"Flie\u00dfgew\u00e4sser &#038; M\u00fcll"},"content":{"rendered":"\n<p id=\"block-a0b8b4d1-40ee-47ce-b211-9082b41b8ffa\">Das Lehr- und Lernmodul \u201eFlie\u00dfgew\u00e4sser &amp; M\u00fcll\u201c geh\u00f6rt zu einer Reihe von Modulen zu einer der gr\u00f6\u00dften gesellschaftlichen Herausforderungen unserer Zeit, der Verschmutzung der (Meeres-) Umwelt durch M\u00fcll.<\/p>\n\n\n\n<figure class=\"wp-block-table\"><table><tbody><tr><td>Inhalt<\/td><td>Viele Wege f\u00fchren ins Meer, leider auch der von M\u00fcll. Dabei spielen Flie\u00dfgew\u00e4sser eine nicht unerhebliche Rolle. Als Lebensadern der Welt durchziehen sie ganze L\u00e4nder und transportieren aus dem Landesinneren \u00fcber weite Strecken M\u00fcllteile in unterschiedlicher Gr\u00f6\u00dfe&nbsp;in die Meere. Mit dem Modul \u201eFlie\u00dfgew\u00e4sser &amp; M\u00fcll\u201c k\u00f6nnen Sie sich Hintergrundwissen zu der Thematik aneignen. Die Inhalte sind unabh\u00e4ngig voneinander verst\u00e4ndlich und gliedern sich zun\u00e4chst in einen allgemeinen Teil zum \u00d6kosystem Flie\u00dfgew\u00e4sser, gefolgt von einem Teil zur anthropogenen Beeintr\u00e4chtigung speziell durch M\u00fcll sowie Schutzbem\u00fchungen f\u00fcr Fl\u00fcsse.<\/td><\/tr><tr><td>Lernziele<\/td><td>&#8211; geographische, hydrologische sowie biologische Grundkenntnisse zum \u00d6kosystem Flie\u00dfgew\u00e4sser<br>&#8211; Beeintr\u00e4chtigung von Flie\u00dfgew\u00e4ssern durch M\u00fcll<\/td><\/tr><tr><td>Zeitbedarf<\/td><td>ca. 60 Minuten<\/td><\/tr><tr><td>Voraussetzungen<\/td><td>keine<\/td><\/tr><tr><td>Autoren<\/td><td>Helen Wiethoff, Lars Marakowski &amp;&nbsp;Anke Vorlauf <br>(EUCC-D, 2021)<\/td><\/tr><tr><td>erg\u00e4nzende Module<\/td><td>\u201eM\u00fcll im Meer &#8211; eine Momentanalyse\u201c<br>\u201eM\u00fcll im Meer &#8211; Auswirkungen\u201c<br>\u201eM\u00fcll im Meer &#8211; Ma\u00dfnahmen\u201c<br>\u201eM\u00fcll im Meer &#8211; Konsum\u201c<\/td><\/tr><\/tbody><\/table><\/figure>\n","protected":false},"excerpt":{"rendered":"<p>Das Lehr- und Lernmodul \u201eFlie\u00dfgew\u00e4sser &amp; M\u00fcll\u201c geh\u00f6rt zu einer Reihe von Modulen zu einer der gr\u00f6\u00dften gesellschaftlichen Herausforderungen unserer Zeit, der Verschmutzung der (Meeres-) Umwelt durch M\u00fcll. Inhalt Viele Wege f\u00fchren ins Meer, leider auch der von M\u00fcll. Dabei spielen Flie\u00dfgew\u00e4sser eine nicht unerhebliche Rolle. Als Lebensadern der Welt durchziehen sie ganze L\u00e4nder und [&hellip;]<\/p>\n","protected":false},"author":3,"featured_media":0,"parent":0,"menu_order":0,"comment_status":"closed","ping_status":"closed","template":"","meta":{"footnotes":""},"class_list":["post-977","page","type-page","status-publish","hentry"],"_links":{"self":[{"href":"https:\/\/www.ikzm-d.de\/fliessgewaesser-und-muell\/wp-json\/wp\/v2\/pages\/977","targetHints":{"allow":["GET"]}}],"collection":[{"href":"https:\/\/www.ikzm-d.de\/fliessgewaesser-und-muell\/wp-json\/wp\/v2\/pages"}],"about":[{"href":"https:\/\/www.ikzm-d.de\/fliessgewaesser-und-muell\/wp-json\/wp\/v2\/types\/page"}],"author":[{"embeddable":true,"href":"https:\/\/www.ikzm-d.de\/fliessgewaesser-und-muell\/wp-json\/wp\/v2\/users\/3"}],"replies":[{"embeddable":true,"href":"https:\/\/www.ikzm-d.de\/fliessgewaesser-und-muell\/wp-json\/wp\/v2\/comments?post=977"}],"version-history":[{"count":10,"href":"https:\/\/www.ikzm-d.de\/fliessgewaesser-und-muell\/wp-json\/wp\/v2\/pages\/977\/revisions"}],"predecessor-version":[{"id":1023,"href":"https:\/\/www.ikzm-d.de\/fliessgewaesser-und-muell\/wp-json\/wp\/v2\/pages\/977\/revisions\/1023"}],"wp:attachment":[{"href":"https:\/\/www.ikzm-d.de\/fliessgewaesser-und-muell\/wp-json\/wp\/v2\/media?parent=977"}],"curies":[{"name":"wp","href":"https:\/\/api.w.org\/{rel}","templated":true}]}}