{"id":136,"date":"2018-02-20T11:16:48","date_gmt":"2018-02-20T10:16:48","guid":{"rendered":"http:\/\/www.ikzm-d.de\/kliwakom\/?page_id=136"},"modified":"2018-12-17T13:46:56","modified_gmt":"2018-12-17T12:46:56","slug":"klimaschutz","status":"publish","type":"page","link":"https:\/\/www.ikzm-d.de\/klimawandel\/die-grundlagen\/klimaschutz\/","title":{"rendered":"Klimaschutz"},"content":{"rendered":"<p>Der Weltklimarat (Intergovernmental Panel on Climate Change, IPCC) beschreibt Klimaschutz als eine <span style=\"color: #808080;\"><strong>Intervention des Menschen zur Reduzierung des anthropogenen Einflusses auf das Klimasystem<\/strong><\/span>. Dazu geh\u00f6ren Strategien zur Reduzierung von Treibhausgasemissionen und Treibhausgassenken. Zum einen soll der <span style=\"color: #808080;\"><strong>Aussto\u00df von Treibhausgasen reduziert<\/strong><\/span> werden, die bei Energieerzeugung und -verbrauch (z.B. bei der industriellen Produktion oder durch Kraftfahrzeuge) ausgesto\u00dfen werden. Zum anderen sollen <span style=\"color: #808080;\"><strong>Kohlenstoffsenken<\/strong> <\/span>(z.B. W\u00e4lder), die bedeutsame Mengen Kohlenstoffdioxid aufnehmen, <span style=\"color: #808080;\"><strong>erhalten und gef\u00f6rdert<\/strong> <\/span>werden.<\/p>\n<p>Auch durch diverse Klimaschutzma\u00dfnahmen l\u00e4sst sich die globale Erw\u00e4rmung nicht mehr komplett aufhalten, sondern nur mindern. Kohlenstoffdioxid verbleibt sehr lange in der Atmosph\u00e4re und viele Klimawandelfolgen sind irreversibel und langfristig. Da die Anpassungsm\u00f6glichkeiten der Erde und des Menschen aber begrenzt sind und es zu noch nicht absehbaren Folgen (z.B. Hungersn\u00f6te, Klimafl\u00fcchtlinge) kommen kann, ist die Minderung des Klimawandels notwendig.<\/p>\n<p><span style=\"text-decoration: underline;\">Beispiele zu Klimaschutzma\u00dfnahmen:<\/span><\/p>\n<ul>\n<li>Ausbau erneuerbarer Energien (z.B. Solar-, Wind und Wellenenergie)<\/li>\n<li>Stilllegen alter Kraftwerke<\/li>\n<li>Bessere Isolierung von Fabriken<\/li>\n<li>Sanierung von H\u00e4usern und Wohnungen<\/li>\n<li>F\u00f6rderung von klimafreundlicher Mobilit\u00e4t (Ausbau der Radwege und \u00f6ffentlichen Verkehrsmittel, E-Mobilit\u00e4t)<\/li>\n<\/ul>\n<p>Im Dezember 2015 entschieden sich die Parteien auf der 21. UN-Klimaschutzkonferenz in Paris f\u00fcr ein \u00dcbereinkommen, die globale Erw\u00e4rmung auf 2 \u00b0C zu begrenzen. In Kraft trat der Aktionsplan im November 2016. Die <a href=\"https:\/\/unfccc.int\/\">Klimakonferenz<\/a> ist eine j\u00e4hrlich stattfindende Vertragsstaatenkonferenz zur Klimarahmenkonvention, einem seit 1994 geltenden internationalen Klimaschutzabkommen der Vereinten Nationen. Bei der Weltklimakonferenz 2017 in Bonn wurden n\u00e4chste Schritte zur Umsetzung des Pariser Klimaschutzabkommens diskutiert. Als Ergebnis daraus soll u.a. die Staatengemeinschaft zu ambitioniertem Handeln ermutigt werden. Dies ist dringend erforderlich, da die Verhandlungen schleppend verlaufen und sich die zeitnahe Umsetzung, um die gesetzten Ziele zu erreichen, als schwierig erweist.<\/p>\n<p>Die deutsche Bundesregierung hat sich das Ziel gesetzt, die Treibhausgasemissionen bis zum Jahr 2050 um 80-95 % gegen\u00fcber dem Basisjahr 1990 zu reduzieren. Um dieses Ziel umzusetzen, werden ordnungsrechtliche und \u00f6konomische Instrumente implementiert. Eine gro\u00dfe Rolle spielen hierbei erneuerbare Energien. Auch F\u00f6rderprogramme zum Klimaschutz und zur Klimawandelanpassung sind Teil der Strategie.<\/p>\n<p><div class=\"infotext info\"><strong>Klimaschutzpolitik in Deutschland<\/strong><\/p>\n<ul>\n<li><a href=\"https:\/\/www.erneuerbare-energien.de\/EE\/Redaktion\/DE\/Dossier\/eeg.html?cms_docId=73930\">Erneuerbare-Energien-Gesetz<\/a> (EEG)<\/li>\n<li><a href=\"http:\/\/www.bmub.bund.de\/themen\/bauen\/energieeffizientes-bauen-und-sanieren\/energieeinsparverordnung\/\">Energieeinsparverordnung<\/a> (EnEV)<\/li>\n<li><a href=\"http:\/\/www.erneuerbare-energien.de\/EE\/Navigation\/DE\/Recht-Politik\/Das_EEWaermeG\/das_eewaermeg.html\">Erneuerbare-Energien-W\u00e4rmegesetz<\/a><\/li>\n<li><a href=\"https:\/\/www.umweltbundesamt.de\/daten\/klima\/der-europaeische-emissionshandel\">Europ\u00e4ischer CO2-Emissionshandel<\/a><\/li>\n<li><a href=\"http:\/\/www.klimaschutz.de\/\">Nationale Klimaschutzinitiative<\/a> (NKI)<\/li>\n<\/ul>\n<p>\u00dcberblick: <a href=\"https:\/\/www.bmub.bund.de\/themen\/klima-energie\/klimaschutz\/nationale-klimapolitik\/\">Nationale Klimapolitik <\/a><\/p>\n<p><span style=\"display: inline !important; float: none; background-color: transparent; color: #333333; cursor: text; font-family: Georgia,'Times New Roman','Bitstream Charter',Times,serif; font-size: 16px; font-style: normal; font-variant: normal; font-weight: 400; letter-spacing: normal; orphans: 2; text-align: left; text-decoration: none; text-indent: 0px; text-transform: none; -webkit-text-stroke-width: 0px; white-space: normal; word-spacing: 0px;\"><\/div><\/span><\/p>\n<div class=\"infotext important\"><\/p>\n<p><strong>Was kann ich f\u00fcr den Klimaschutz tun? &#8211; Beispiele f\u00fcr den Alltag<\/strong><\/p>\n<ul>\n<li>Radfahren und Laufen ist ges\u00fcnder und g\u00fcnstiger als Autofahren und h\u00e4lt deinen CO<sub>2 <\/sub>Fu\u00dfabdruck klein!<\/li>\n<li>Durch D\u00fcrren und langanhaltende Hitzeperioden werden viele Menschen kein Trinkwasser haben. Darum beim Z\u00e4hneputzen den Wasserhahn zudrehen und Wasser sparen!<\/li>\n<li>Mit dem Kauf von regionalen und saisonalen Produkten unterst\u00fctzt du die lokale Wirtschaft und reduzierst den Treibhausgasaussto\u00df durch Einsparen langer Transportwege!<\/li>\n<li>Das vollst\u00e4ndige Ausschalten von Elektroger\u00e4ten spart Strom und Energiekosten!<\/li>\n<\/ul>\n<p><\/div>\n","protected":false},"excerpt":{"rendered":"<p>Der Weltklimarat (Intergovernmental Panel on Climate Change, IPCC) beschreibt Klimaschutz als eine Intervention des Menschen zur Reduzierung des anthropogenen Einflusses auf das Klimasystem. Dazu geh\u00f6ren Strategien zur Reduzierung von Treibhausgasemissionen und Treibhausgassenken. Zum einen soll der Aussto\u00df von Treibhausgasen reduziert werden, die bei Energieerzeugung und -verbrauch (z.B. bei der industriellen Produktion oder durch Kraftfahrzeuge) ausgesto\u00dfen [&hellip;]<\/p>\n","protected":false},"author":3,"featured_media":0,"parent":124,"menu_order":6,"comment_status":"closed","ping_status":"closed","template":"","meta":{"footnotes":""},"class_list":["post-136","page","type-page","status-publish","hentry"],"_links":{"self":[{"href":"https:\/\/www.ikzm-d.de\/klimawandel\/wp-json\/wp\/v2\/pages\/136","targetHints":{"allow":["GET"]}}],"collection":[{"href":"https:\/\/www.ikzm-d.de\/klimawandel\/wp-json\/wp\/v2\/pages"}],"about":[{"href":"https:\/\/www.ikzm-d.de\/klimawandel\/wp-json\/wp\/v2\/types\/page"}],"author":[{"embeddable":true,"href":"https:\/\/www.ikzm-d.de\/klimawandel\/wp-json\/wp\/v2\/users\/3"}],"replies":[{"embeddable":true,"href":"https:\/\/www.ikzm-d.de\/klimawandel\/wp-json\/wp\/v2\/comments?post=136"}],"version-history":[{"count":17,"href":"https:\/\/www.ikzm-d.de\/klimawandel\/wp-json\/wp\/v2\/pages\/136\/revisions"}],"predecessor-version":[{"id":505,"href":"https:\/\/www.ikzm-d.de\/klimawandel\/wp-json\/wp\/v2\/pages\/136\/revisions\/505"}],"up":[{"embeddable":true,"href":"https:\/\/www.ikzm-d.de\/klimawandel\/wp-json\/wp\/v2\/pages\/124"}],"wp:attachment":[{"href":"https:\/\/www.ikzm-d.de\/klimawandel\/wp-json\/wp\/v2\/media?parent=136"}],"curies":[{"name":"wp","href":"https:\/\/api.w.org\/{rel}","templated":true}]}}

<p>Der Weltklimarat (Intergovernmental Panel on Climate Change, IPCC) beschreibt Klimaschutz als eine <span style="color: #808080;"><strong>Intervention des Menschen zur Reduzierung des anthropogenen Einflusses auf das Klimasystem</strong></span>. Dazu gehören Strategien zur Reduzierung von Treibhausgasemissionen und Treibhausgassenken. Zum einen soll der <span style="color: #808080;"><strong>Ausstoß von Treibhausgasen reduziert</strong></span> werden, die bei Energieerzeugung und -verbrauch (z.B. bei der industriellen Produktion oder durch Kraftfahrzeuge) ausgestoßen werden. Zum anderen sollen <span style="color: #808080;"><strong>Kohlenstoffsenken</strong> </span>(z.B. Wälder), die bedeutsame Mengen Kohlenstoffdioxid aufnehmen, <span style="color: #808080;"><strong>erhalten und gefördert</strong> </span>werden.</p>
<p>Auch durch diverse Klimaschutzmaßnahmen lässt sich die globale Erwärmung nicht mehr komplett aufhalten, sondern nur mindern. Kohlenstoffdioxid verbleibt sehr lange in der Atmosphäre und viele Klimawandelfolgen sind irreversibel und langfristig. Da die Anpassungsmöglichkeiten der Erde und des Menschen aber begrenzt sind und es zu noch nicht absehbaren Folgen (z.B. Hungersnöte, Klimaflüchtlinge) kommen kann, ist die Minderung des Klimawandels notwendig.</p>
<p><span style="text-decoration: underline;">Beispiele zu Klimaschutzmaßnahmen:</span></p>
<ul>
<li>Ausbau erneuerbarer Energien (z.B. Solar-, Wind und Wellenenergie)</li>
<li>Stilllegen alter Kraftwerke</li>
<li>Bessere Isolierung von Fabriken</li>
<li>Sanierung von Häusern und Wohnungen</li>
<li>Förderung von klimafreundlicher Mobilität (Ausbau der Radwege und öffentlichen Verkehrsmittel, E-Mobilität)</li>
</ul>
<p>Im Dezember 2015 entschieden sich die Parteien auf der 21. UN-Klimaschutzkonferenz in Paris für ein Übereinkommen, die globale Erwärmung auf 2 °C zu begrenzen. In Kraft trat der Aktionsplan im November 2016. Die <a href="https://unfccc.int/">Klimakonferenz</a> ist eine jährlich stattfindende Vertragsstaatenkonferenz zur Klimarahmenkonvention, einem seit 1994 geltenden internationalen Klimaschutzabkommen der Vereinten Nationen. Bei der Weltklimakonferenz 2017 in Bonn wurden nächste Schritte zur Umsetzung des Pariser Klimaschutzabkommens diskutiert. Als Ergebnis daraus soll u.a. die Staatengemeinschaft zu ambitioniertem Handeln ermutigt werden. Dies ist dringend erforderlich, da die Verhandlungen schleppend verlaufen und sich die zeitnahe Umsetzung, um die gesetzten Ziele zu erreichen, als schwierig erweist.</p>
<p>Die deutsche Bundesregierung hat sich das Ziel gesetzt, die Treibhausgasemissionen bis zum Jahr 2050 um 80-95 % gegenüber dem Basisjahr 1990 zu reduzieren. Um dieses Ziel umzusetzen, werden ordnungsrechtliche und ökonomische Instrumente implementiert. Eine große Rolle spielen hierbei erneuerbare Energien. Auch Förderprogramme zum Klimaschutz und zur Klimawandelanpassung sind Teil der Strategie.</p>
<p><div class="infotext info"><strong>Klimaschutzpolitik in Deutschland</strong></p>
<ul>
<li><a href="https://www.erneuerbare-energien.de/EE/Redaktion/DE/Dossier/eeg.html?cms_docId=73930">Erneuerbare-Energien-Gesetz</a> (EEG)</li>
<li><a href="http://www.bmub.bund.de/themen/bauen/energieeffizientes-bauen-und-sanieren/energieeinsparverordnung/">Energieeinsparverordnung</a> (EnEV)</li>
<li><a href="http://www.erneuerbare-energien.de/EE/Navigation/DE/Recht-Politik/Das_EEWaermeG/das_eewaermeg.html">Erneuerbare-Energien-Wärmegesetz</a></li>
<li><a href="https://www.umweltbundesamt.de/daten/klima/der-europaeische-emissionshandel">Europäischer CO2-Emissionshandel</a></li>
<li><a href="http://www.klimaschutz.de/">Nationale Klimaschutzinitiative</a> (NKI)</li>
</ul>
<p>Überblick: <a href="https://www.bmub.bund.de/themen/klima-energie/klimaschutz/nationale-klimapolitik/">Nationale Klimapolitik </a></p>
<p><span style="display: inline !important; float: none; background-color: transparent; color: #333333; cursor: text; font-family: Georgia,'Times New Roman','Bitstream Charter',Times,serif; font-size: 16px; font-style: normal; font-variant: normal; font-weight: 400; letter-spacing: normal; orphans: 2; text-align: left; text-decoration: none; text-indent: 0px; text-transform: none; -webkit-text-stroke-width: 0px; white-space: normal; word-spacing: 0px;"></div></span></p>
<div class="infotext important"></p>
<p><strong>Was kann ich für den Klimaschutz tun? &#8211; Beispiele für den Alltag</strong></p>
<ul>
<li>Radfahren und Laufen ist gesünder und günstiger als Autofahren und hält deinen CO<sub>2 </sub>Fußabdruck klein!</li>
<li>Durch Dürren und langanhaltende Hitzeperioden werden viele Menschen kein Trinkwasser haben. Darum beim Zähneputzen den Wasserhahn zudrehen und Wasser sparen!</li>
<li>Mit dem Kauf von regionalen und saisonalen Produkten unterstützt du die lokale Wirtschaft und reduzierst den Treibhausgasausstoß durch Einsparen langer Transportwege!</li>
<li>Das vollständige Ausschalten von Elektrogeräten spart Strom und Energiekosten!</li>
</ul>
<p></div>

<p>Der Weltklimarat (Intergovernmental Panel on Climate Change, IPCC) beschreibt Klimaschutz als eine Intervention des Menschen zur Reduzierung des anthropogenen Einflusses auf das Klimasystem. Dazu gehören Strategien zur Reduzierung von Treibhausgasemissionen und Treibhausgassenken. Zum einen soll der Ausstoß von Treibhausgasen reduziert werden, die bei Energieerzeugung und -verbrauch (z.B. bei der industriellen Produktion oder durch Kraftfahrzeuge) ausgestoßen [&hellip;]</p>
