{"id":147,"date":"2018-02-20T11:55:00","date_gmt":"2018-02-20T10:55:00","guid":{"rendered":"http:\/\/www.ikzm-d.de\/kliwakom\/?page_id=147"},"modified":"2018-12-17T13:49:20","modified_gmt":"2018-12-17T12:49:20","slug":"klimawandelauswirkungen-an-der-deutschen-ostseekueste","status":"publish","type":"page","link":"https:\/\/www.ikzm-d.de\/klimawandel\/klimawandel-an-der-deutschen-ostseekueste\/klimawandelauswirkungen-an-der-deutschen-ostseekueste\/","title":{"rendered":"Klimawandelauswirkungen an der deutschen Ostseek\u00fcste"},"content":{"rendered":"<p>Deutschland befindet sich im \u00dcbergangsbereich zwischen dem maritimen Klima Westeuropas und dem kontinentalen Klima Osteuropas in der warm-gem\u00e4\u00dfigten Klimazone der mittleren Breiten. An der deutschen Ostseek\u00fcste kommt es durch die N\u00e4he zum Meer zu relativ milden Wintern und m\u00e4\u00dfig warmen Sommern.<\/p>\n<p>In Norddeutschland sind Auswirkungen des Klimawandels bereits jetzt sichtbar: In den letzten 100 Jahren ist der <strong><span style=\"color: #808080;\">Meeresspiegel an der deutschen Ostseek\u00fcste um etwa 14 cm gestiegen<\/span><\/strong>. Dabei stieg der Meeresspiegel im Schnitt um etwa 1,4-2,0 mm pro Jahr an. Au\u00dferdem hat sich die <strong><span style=\"color: #808080;\">Temperatur der s\u00fcdlichen Ostseek\u00fcste im vergangenen Jahrhundert um 0,7 \u00b0C erw\u00e4rmt<\/span><\/strong>. Dadurch kam es an der deutschen Ostseek\u00fcste <span style=\"color: #808080;\"><strong>zu rund zehn zus\u00e4tzlichen Sommertagen (Temperaturen \u00fcber 25 \u00b0C)<\/strong> <span style=\"color: #000000;\">und<\/span><strong> zu rund 20 Frosttagen weniger<\/strong><\/span>. Auch <strong><span style=\"color: #808080;\">erh\u00f6hte Niederschlagsmengen <\/span><\/strong>und<strong><span style=\"color: #808080;\"> starken Sturmfluten<\/span><\/strong> waren bereits zu verzeichnen und f\u00fchrten u.a. zu m\u00e4\u00dfigen \u00dcberschwemmungen, Steilk\u00fcstenabbr\u00fcchen und Besch\u00e4digung der Infrastruktur.<\/p>\n<figure id=\"attachment_240\" aria-describedby=\"caption-attachment-240\" style=\"width: 1024px\" class=\"wp-caption aligncenter\"><img loading=\"lazy\" decoding=\"async\" class=\"wp-image-240 size-full\" src=\"http:\/\/www.ikzm-d.de\/kliwakom\/wp-content\/uploads\/sites\/14\/2018\/03\/Sturmflut.jpg\" alt=\"\" width=\"1024\" height=\"768\" srcset=\"https:\/\/www.ikzm-d.de\/klimawandel\/wp-content\/uploads\/sites\/14\/2018\/03\/Sturmflut.jpg 1024w, https:\/\/www.ikzm-d.de\/klimawandel\/wp-content\/uploads\/sites\/14\/2018\/03\/Sturmflut-400x300.jpg 400w, https:\/\/www.ikzm-d.de\/klimawandel\/wp-content\/uploads\/sites\/14\/2018\/03\/Sturmflut-600x450.jpg 600w, https:\/\/www.ikzm-d.de\/klimawandel\/wp-content\/uploads\/sites\/14\/2018\/03\/Sturmflut-768x576.jpg 768w\" sizes=\"auto, (max-width: 1024px) 100vw, 1024px\" \/><figcaption id=\"caption-attachment-240\" class=\"wp-caption-text\">Foto 3: Sturmflut am Warnem\u00fcnder Strand<\/figcaption><\/figure>\n<p>Das Norddeutsche Klimab\u00fcro prognostiziert bis zum Jahr 2100 f\u00fcr die deutsche Ostseek\u00fcste folgende Ver\u00e4nderungen:<\/p>\n<ul>\n<li>Erh\u00f6hung der Lufttemperatur um 2,1 bis 4,8 \u00b0C<\/li>\n<li>Erh\u00f6hung der Wassertemperatur um ca. 2 \u00b0C<\/li>\n<li>Niederschlagsver\u00e4nderungen<\/li>\n<li>Reduktion der Frosttage<\/li>\n<li>Zunahme der Wintersturmgeschwindigkeit um bis zu 14 %<\/li>\n<li>Anstieg des N\u00e4hrstoffgehaltes und des Salzgehaltes der Ostsee<\/li>\n<li>Verschiebung der Artenzusammensetzung<\/li>\n<li>Anstieg des Meeresspiegels um 20 bis 80 cm<\/li>\n<\/ul>\n","protected":false},"excerpt":{"rendered":"<p>Deutschland befindet sich im \u00dcbergangsbereich zwischen dem maritimen Klima Westeuropas und dem kontinentalen Klima Osteuropas in der warm-gem\u00e4\u00dfigten Klimazone der mittleren Breiten. An der deutschen Ostseek\u00fcste kommt es durch die N\u00e4he zum Meer zu relativ milden Wintern und m\u00e4\u00dfig warmen Sommern. In Norddeutschland sind Auswirkungen des Klimawandels bereits jetzt sichtbar: In den letzten 100 Jahren [&hellip;]<\/p>\n","protected":false},"author":3,"featured_media":0,"parent":144,"menu_order":9,"comment_status":"closed","ping_status":"closed","template":"","meta":{"footnotes":""},"class_list":["post-147","page","type-page","status-publish","hentry"],"_links":{"self":[{"href":"https:\/\/www.ikzm-d.de\/klimawandel\/wp-json\/wp\/v2\/pages\/147","targetHints":{"allow":["GET"]}}],"collection":[{"href":"https:\/\/www.ikzm-d.de\/klimawandel\/wp-json\/wp\/v2\/pages"}],"about":[{"href":"https:\/\/www.ikzm-d.de\/klimawandel\/wp-json\/wp\/v2\/types\/page"}],"author":[{"embeddable":true,"href":"https:\/\/www.ikzm-d.de\/klimawandel\/wp-json\/wp\/v2\/users\/3"}],"replies":[{"embeddable":true,"href":"https:\/\/www.ikzm-d.de\/klimawandel\/wp-json\/wp\/v2\/comments?post=147"}],"version-history":[{"count":17,"href":"https:\/\/www.ikzm-d.de\/klimawandel\/wp-json\/wp\/v2\/pages\/147\/revisions"}],"predecessor-version":[{"id":507,"href":"https:\/\/www.ikzm-d.de\/klimawandel\/wp-json\/wp\/v2\/pages\/147\/revisions\/507"}],"up":[{"embeddable":true,"href":"https:\/\/www.ikzm-d.de\/klimawandel\/wp-json\/wp\/v2\/pages\/144"}],"wp:attachment":[{"href":"https:\/\/www.ikzm-d.de\/klimawandel\/wp-json\/wp\/v2\/media?parent=147"}],"curies":[{"name":"wp","href":"https:\/\/api.w.org\/{rel}","templated":true}]}}

Klimawandelauswirkungen an der deutschen Ostseeküste

<p>Deutschland befindet sich im Übergangsbereich zwischen dem maritimen Klima Westeuropas und dem kontinentalen Klima Osteuropas in der warm-gemäßigten Klimazone der mittleren Breiten. An der deutschen Ostseeküste kommt es durch die Nähe zum Meer zu relativ milden Wintern und mäßig warmen Sommern.</p>
<p>In Norddeutschland sind Auswirkungen des Klimawandels bereits jetzt sichtbar: In den letzten 100 Jahren ist der <strong><span style="color: #808080;">Meeresspiegel an der deutschen Ostseeküste um etwa 14 cm gestiegen</span></strong>. Dabei stieg der Meeresspiegel im Schnitt um etwa 1,4-2,0 mm pro Jahr an. Außerdem hat sich die <strong><span style="color: #808080;">Temperatur der südlichen Ostseeküste im vergangenen Jahrhundert um 0,7 °C erwärmt</span></strong>. Dadurch kam es an der deutschen Ostseeküste <span style="color: #808080;"><strong>zu rund zehn zusätzlichen Sommertagen (Temperaturen über 25 °C)</strong> <span style="color: #000000;">und</span><strong> zu rund 20 Frosttagen weniger</strong></span>. Auch <strong><span style="color: #808080;">erhöhte Niederschlagsmengen </span></strong>und<strong><span style="color: #808080;"> starken Sturmfluten</span></strong> waren bereits zu verzeichnen und führten u.a. zu mäßigen Überschwemmungen, Steilküstenabbrüchen und Beschädigung der Infrastruktur.</p>
<figure id="attachment_240" aria-describedby="caption-attachment-240" style="width: 1024px" class="wp-caption aligncenter"><img loading="lazy" decoding="async" class="wp-image-240 size-full" src="http://www.ikzm-d.de/kliwakom/wp-content/uploads/sites/14/2018/03/Sturmflut.jpg" alt="" width="1024" height="768" srcset="https://www.ikzm-d.de/klimawandel/wp-content/uploads/sites/14/2018/03/Sturmflut.jpg 1024w, https://www.ikzm-d.de/klimawandel/wp-content/uploads/sites/14/2018/03/Sturmflut-400x300.jpg 400w, https://www.ikzm-d.de/klimawandel/wp-content/uploads/sites/14/2018/03/Sturmflut-600x450.jpg 600w, https://www.ikzm-d.de/klimawandel/wp-content/uploads/sites/14/2018/03/Sturmflut-768x576.jpg 768w" sizes="auto, (max-width: 1024px) 100vw, 1024px" /><figcaption id="caption-attachment-240" class="wp-caption-text">Foto 3: Sturmflut am Warnemünder Strand</figcaption></figure>
<p>Das Norddeutsche Klimabüro prognostiziert bis zum Jahr 2100 für die deutsche Ostseeküste folgende Veränderungen:</p>
<ul>
<li>Erhöhung der Lufttemperatur um 2,1 bis 4,8 °C</li>
<li>Erhöhung der Wassertemperatur um ca. 2 °C</li>
<li>Niederschlagsveränderungen</li>
<li>Reduktion der Frosttage</li>
<li>Zunahme der Wintersturmgeschwindigkeit um bis zu 14 %</li>
<li>Anstieg des Nährstoffgehaltes und des Salzgehaltes der Ostsee</li>
<li>Verschiebung der Artenzusammensetzung</li>
<li>Anstieg des Meeresspiegels um 20 bis 80 cm</li>
</ul>

<p>Deutschland befindet sich im Übergangsbereich zwischen dem maritimen Klima Westeuropas und dem kontinentalen Klima Osteuropas in der warm-gemäßigten Klimazone der mittleren Breiten. An der deutschen Ostseeküste kommt es durch die Nähe zum Meer zu relativ milden Wintern und mäßig warmen Sommern. In Norddeutschland sind Auswirkungen des Klimawandels bereits jetzt sichtbar: In den letzten 100 Jahren [&hellip;]</p>
