{"id":345,"date":"2018-03-20T17:06:22","date_gmt":"2018-03-20T16:06:22","guid":{"rendered":"http:\/\/www.ikzm-d.de\/kliwakom\/?page_id=345"},"modified":"2018-03-22T16:05:40","modified_gmt":"2018-03-22T15:05:40","slug":"literatur","status":"publish","type":"page","link":"https:\/\/www.ikzm-d.de\/klimawandel\/impressum\/literatur\/","title":{"rendered":"Literatur"},"content":{"rendered":"<ul>\n<li>Bundesregierung (2008), <a href=\"http:\/\/www.bmub.bund.de\/service\/publikationen\/downloads\/details\/artikel\/deutsche-anpassungsstrategie-an-den-klimawandel\">Deutsche Anpassungsstrategie an den Klimawandel<\/a><\/li>\n<li>Bundesregierung (2011), <a href=\"http:\/\/www.bmub.bund.de\/fileadmin\/bmu-import\/files\/pdfs\/allgemein\/application\/pdf\/aktionsplan_anpassung_klimawandel_bf.pdf\">Aktionsplan Anpassung der Deutschen Anpassungsstrategie an den Klimawandel <\/a><\/li>\n<li>Bundesregierung (2015),<a href=\"http:\/\/www.bmub.bund.de\/fileadmin\/Daten_BMU\/Download_PDF\/Klimaschutz\/klimawandel_das_fortschrittsbericht_bf.pdf\">Fortschrittsbericht zur Deutschen Anpassungsstrategie an den Klimawandel<\/a><\/li>\n<li>Deutscher Wetterdienst (2017), <a href=\"https:\/\/www.dwd.de\/DE\/leistungen\/klimareport_sh\/download_report_2017.pdf?__blob=publicationFile&amp;v=5\">Klimareport Schleswig-Holstein<\/a><\/li>\n<li>IPCC \u2013 Zwischenstaatlicher Ausschuss f\u00fcr Klima\u00e4nderungen (2007), <a href=\"http:\/\/www.de-ipcc.de\/media\/content\/IPCC-SynRepComplete_final.pdf\">Klima\u00e4nderung 2007: Synthesebericht<\/a><\/li>\n<li>IPCC \u2013 Zwischenstaatlicher Ausschuss f\u00fcr Klima\u00e4nderungen (2014), <a href=\"http:\/\/www.de-ipcc.de\/media\/content\/IPCC-AR5_SYR_barrierefrei.pdf\">Klima\u00e4nderungen 2014: Synthesebericht<\/a><\/li>\n<li>Norddeutsches Klimab\u00fcro und internationales BALTEX-Sekretariat Helmholtz-Zentrum Geesthacht, (2012), <a href=\"https:\/\/www.eskp.de\/fileadmin\/eskp\/publikationen\/klimawandel\/HZG_Booklet_Ostsee_Ansicht.pdf\">Ostseek\u00fcste im Klimawandel \u2013 Ein Handbuch zum Forschungsstand<\/a><\/li>\n<li>Umweltbundesamt (2015), <a href=\"https:\/\/www.umweltbundesamt.de\/sites\/default\/files\/medien\/376\/publikationen\/monitoringbericht_2015_zur_deutschen_anpassungsstrategie_an_den_klimawandel.pdf\">Monitoringbericht 2015 zur Deutschen Anpassungsstrategie an den Klimawandel<\/a><\/li>\n<\/ul>\n","protected":false},"excerpt":{"rendered":"<p>Bundesregierung (2008), Deutsche Anpassungsstrategie an den Klimawandel Bundesregierung (2011), Aktionsplan Anpassung der Deutschen Anpassungsstrategie an den Klimawandel Bundesregierung (2015),Fortschrittsbericht zur Deutschen Anpassungsstrategie an den Klimawandel Deutscher Wetterdienst (2017), Klimareport Schleswig-Holstein IPCC \u2013 Zwischenstaatlicher Ausschuss f\u00fcr Klima\u00e4nderungen (2007), Klima\u00e4nderung 2007: Synthesebericht IPCC \u2013 Zwischenstaatlicher Ausschuss f\u00fcr Klima\u00e4nderungen (2014), Klima\u00e4nderungen 2014: Synthesebericht Norddeutsches Klimab\u00fcro und internationales BALTEX-Sekretariat [&hellip;]<\/p>\n","protected":false},"author":8,"featured_media":0,"parent":225,"menu_order":17,"comment_status":"closed","ping_status":"closed","template":"","meta":{"footnotes":""},"class_list":["post-345","page","type-page","status-publish","hentry"],"_links":{"self":[{"href":"https:\/\/www.ikzm-d.de\/klimawandel\/wp-json\/wp\/v2\/pages\/345","targetHints":{"allow":["GET"]}}],"collection":[{"href":"https:\/\/www.ikzm-d.de\/klimawandel\/wp-json\/wp\/v2\/pages"}],"about":[{"href":"https:\/\/www.ikzm-d.de\/klimawandel\/wp-json\/wp\/v2\/types\/page"}],"author":[{"embeddable":true,"href":"https:\/\/www.ikzm-d.de\/klimawandel\/wp-json\/wp\/v2\/users\/8"}],"replies":[{"embeddable":true,"href":"https:\/\/www.ikzm-d.de\/klimawandel\/wp-json\/wp\/v2\/comments?post=345"}],"version-history":[{"count":1,"href":"https:\/\/www.ikzm-d.de\/klimawandel\/wp-json\/wp\/v2\/pages\/345\/revisions"}],"predecessor-version":[{"id":347,"href":"https:\/\/www.ikzm-d.de\/klimawandel\/wp-json\/wp\/v2\/pages\/345\/revisions\/347"}],"up":[{"embeddable":true,"href":"https:\/\/www.ikzm-d.de\/klimawandel\/wp-json\/wp\/v2\/pages\/225"}],"wp:attachment":[{"href":"https:\/\/www.ikzm-d.de\/klimawandel\/wp-json\/wp\/v2\/media?parent=345"}],"curies":[{"name":"wp","href":"https:\/\/api.w.org\/{rel}","templated":true}]}}