{"id":731,"date":"2021-02-18T11:21:19","date_gmt":"2021-02-18T10:21:19","guid":{"rendered":"http:\/\/www.ikzm-d.de\/gocoase\/?page_id=731"},"modified":"2024-01-05T09:28:10","modified_gmt":"2024-01-05T08:28:10","slug":"literaturhinweise","status":"publish","type":"page","link":"https:\/\/www.ikzm-d.de\/kuestenschutz\/literaturhinweise\/","title":{"rendered":"Quellenverzeichnis"},"content":{"rendered":"<p>Ahrendt (2019): Treibsel und Seegras im K\u00fcstenschutz. In: Sterr, Ahrendt &amp; Enderwitz (Hrsg.): Seegras und Treibsel \u2013 altbekannte Strandressource neu entdeckt. Coastline Reports 26, S. 21 -26. <a href=\"https:\/\/eucc-d-inline.databases.eucc-d.de\/files\/documents\/00001240_Coastline%20Reports%2026.pdf#page=29\" target=\"_blank\" rel=\"noopener\">Hier lesen.<\/a><\/p>\n<p>Bertule, Appelquist, Spensley, Tr\u00e6rup &amp; Naswa (2018): Climate change adaptation technologies for water: A practitioner\u2019s guide to adaptation technologies for increased water sector resilience. Managed Coastal Realignment. UNEP DTU Partnership.<\/p>\n<p>Dobers &amp; Dehnhardt (2020): Verteidigung um jeden Preis? In: EUCC &#8211; Die K\u00fcsten Union Deutschland e.V. (Hrsg.), Meer &amp; K\u00fcste. Deutsche Ostsee, Heft 8, S. 24-25. <a href=\"https:\/\/eucc-d-inline.databases.eucc-d.de\/files\/documents\/00001252_MuK_8-2020_E-Book.pdf#page=24\" target=\"_blank\" rel=\"noopener\">Hier lesen.<\/a><\/p>\n<p>Hirschmann, Hoffmann &amp; Welp (2012): Anpassung an den Klimawandel: K\u00fcstenschutz. Themenblatt. Umweltbundesamt (Hrsg.).<\/p>\n<p>Michaelis (2003): Die Karrendorfer Wiesen. In: Billwitz, Michaelis &amp; Succow (Hrsg.), Landschafts\u00f6ko-logische Exkursionen in die Greifswalder Umgebung, Greifswalder Geographische Arbeiten, Band 30. Geographisches Institut der Ernst-Moritz-Arndt-Universit\u00e4t Greifswald.<\/p>\n<p>Packschies (2019): Die neuen Seegrasd\u00fcnen in Eckernf\u00f6rde. In: Sterr, Ahrendt &amp; Enderwitz (Hrsg.): Seegras und Treibsel \u2013 altbekannte Strandressource neu entdeckt. Coastline Reports 26, S. 27-35. <a href=\"https:\/\/eucc-d-inline.databases.eucc-d.de\/files\/documents\/00001240_Coastline%20Reports%2026.pdf#page=35\" target=\"_blank\" rel=\"noopener\">Hier lesen.<\/a><\/p>\n<p>Petersen &amp; Stybel (2021): R\u00fcckverlegung von K\u00fcstenschutzlinien. GoCoase Factsheet No. 3. <a href=\"https:\/\/www.eucc-d.de\/tl_files\/eucc_images\/img\/projekte\/GoCoase\/GoCoase%20Factsheet%20No%203_final_v14-01-2021.pdf\" target=\"_blank\" rel=\"noopener\">Hier lesen.<\/a><\/p>\n<p>Rehdanz, Meyerhoff &amp; Wunsch (eds.) (2022): \u00d6konomie des Klimawandels: Eine Bewertung von Anpassungsoptionen f\u00fcr die K\u00fcste von Mecklenburg-Vorpommern. Coastline Reports 28.<\/p>\n<p>Schoonees, Manche\u00f1o, Scheres, Bouma, Silva, Schlurmann &amp; Sch\u00fcttrumpf (2019): Hard Structures for Coastal Protection, Towards Greener Designs. Estuaries and Coasts, V. 42, S. 1709\u20131729.<\/p>\n<p>Staatliches Amt f\u00fcr Umwelt und Natur Stralsund (Hrsg., 2009): Sturmflutschutz Renaturierung Ostzingst \u2013 Eine Zwischenbilanz.<\/p>\n<p>Stoll-Kleemann, Benke, Frenzel, Kleyer, Maier, Martin, Stadler &amp; de la Vega-Leinert (Hrsg.) (2016): Neues vom Meer: Vor uns die Sintflut &#8211; angepasste K\u00fcstenschutzstrategien im Einklang mit Mensch und Natur!? Dokumentation des 15. Podiumsgespr\u00e4ches am 20. November 2014 im OZEANEUM Stralsund.<\/p>\n<p>Tiede &amp; Schlurmann (2020): K\u00fcsteningenieurwesen &#8211; Planen im Klimawandel. In: EUCC &#8211; Die K\u00fcsten Union Deutschland e.V. (Hrsg.), Meer &amp; K\u00fcste \u2013 Deutsche Ostsee, Heft 8, S. 22-23. <a href=\"https:\/\/eucc-d-inline.databases.eucc-d.de\/files\/documents\/00001252_MuK_8-2020_E-Book.pdf#page=22\" target=\"_blank\" rel=\"noopener\">Hier lesen.<\/a><\/p>\n<p>Tiede, Visscher &amp; Schlurmann (2020): Naturnaher K\u00fcstenschutz. GoCoase Factsheet No. 2. <a href=\"https:\/\/www.eucc-d.de\/tl_files\/eucc_images\/img\/projekte\/GoCoase\/GoCoase%20Factsheet%20No%202_v10-02-20.pdf\" target=\"_blank\" rel=\"noopener\">Hier lesen.<\/a><\/p>\n","protected":false},"excerpt":{"rendered":"<p>Ahrendt (2019): Treibsel und Seegras im K\u00fcstenschutz. In: Sterr, Ahrendt &amp; Enderwitz (Hrsg.): Seegras und Treibsel \u2013 altbekannte Strandressource neu entdeckt. Coastline Reports 26, S. 21 -26. Hier lesen. Bertule, Appelquist, Spensley, Tr\u00e6rup &amp; Naswa (2018): Climate change adaptation technologies for water: A practitioner\u2019s guide to adaptation technologies for increased water sector resilience. Managed Coastal [&hellip;]<\/p>\n","protected":false},"author":14,"featured_media":0,"parent":0,"menu_order":11,"comment_status":"closed","ping_status":"closed","template":"","meta":{"footnotes":""},"class_list":["post-731","page","type-page","status-publish","hentry"],"_links":{"self":[{"href":"https:\/\/www.ikzm-d.de\/kuestenschutz\/wp-json\/wp\/v2\/pages\/731","targetHints":{"allow":["GET"]}}],"collection":[{"href":"https:\/\/www.ikzm-d.de\/kuestenschutz\/wp-json\/wp\/v2\/pages"}],"about":[{"href":"https:\/\/www.ikzm-d.de\/kuestenschutz\/wp-json\/wp\/v2\/types\/page"}],"author":[{"embeddable":true,"href":"https:\/\/www.ikzm-d.de\/kuestenschutz\/wp-json\/wp\/v2\/users\/14"}],"replies":[{"embeddable":true,"href":"https:\/\/www.ikzm-d.de\/kuestenschutz\/wp-json\/wp\/v2\/comments?post=731"}],"version-history":[{"count":7,"href":"https:\/\/www.ikzm-d.de\/kuestenschutz\/wp-json\/wp\/v2\/pages\/731\/revisions"}],"predecessor-version":[{"id":1168,"href":"https:\/\/www.ikzm-d.de\/kuestenschutz\/wp-json\/wp\/v2\/pages\/731\/revisions\/1168"}],"wp:attachment":[{"href":"https:\/\/www.ikzm-d.de\/kuestenschutz\/wp-json\/wp\/v2\/media?parent=731"}],"curies":[{"name":"wp","href":"https:\/\/api.w.org\/{rel}","templated":true}]}}